e y(f).
-6
Let o(l) be the first derivative of -l**3/3 - 7*l**2/2 - l + 2. Let y = -10 + 4. Determine o(y).
5
Let f(x) = -5*x**2 - 2*x + 1. Let r be f(1). Let o(z) = 1 + 2*z + 2 - 8 - 3*z. Calculate o(r).
1
Let u be ((-23)/69)/((-1)/(-3)). Let n(v) = -33*v - 1. Give n(u).
32
Let u(n) = -n + 1 + 0*n - 1 + 1. What is u(8)?
-7
Let t(j) = -5*j**3 - 21*j**2 - 27*j + 18. Let h(c) = 2*c**3 + 7*c**2 + 9*c - 6. Let q(w) = 8*h(w) + 3*t(w). Determine q(8).
-2
Let k(t) = 5*t**2 + t + t**2 + 0*t - 1. Let f(j) = -2*j**2 - 15*j + 19. Let i(h) = h**2 + 8*h - 10. Let a(c) = 3*f(c) + 5*i(c). Let s be a(-6). Give k(s).
6
Let k(b) = -b**2 - b + 3. Let r be k(0). Let s be -1*(r - 2 - 4). Let o(i) = -i - 2*i**3 + i**s + 0 - 1. What is o(-2)?
9
Let r(d) = 5*d**3 + d**2 - 5*d + 1. Let v(s) = -10*s**3 - 2*s**2 + 11*s - 2. Let n(i) = 7*r(i) + 3*v(i). Determine n(1).
5
Let z(d) = -2 + 0 - 8 + 0*d + 2*d. Let o be z(5). Let i(a) = a**3 + 16. Determine i(o).
16
Let w(l) = -l**2 + 4*l + 2. Suppose t = -2*p + 9, 6*p + 5*t = 3*p + 17. Calculate w(p).
2
Let o = 2 - 1. Suppose 0 = 4*x - 4*c + o + 7, 2*x - 4*c = -12. Let j(w) = w - 1. Give j(x).
1
Let g = 211 + -31. Suppose -3*r - 2*r + g = 0. Suppose -5*b = -r + 11. Let o(y) = y - 7. Give o(b).
-2
Let i = 7 + -6. Let a(m) = -4 - 4*m + 0 + i - 2*m**2 + 1. Give a(-3).
-8
Suppose -2*j - 3*f = 5, 4*j - 17 = 3*f - 0*f. Let q(s) = 0*s**2 + 0 - 2*s**2 + 4*s - 2. Calculate q(j).
-2
Suppose -s = s - 30. Suppose -4*k - k - s = 0. Let l = 1 - k. Let i(u) = u. Calculate i(l).
4
Let x be ((-12)/8)/(6/(-16)). Let a(y) = -2*y**3 - x*y**2 + 4*y**2 - 2*y - 1 - y**2. Suppose 2*r - 2 + 4 = 0. Give a(r).
2
Let s(h) = -h**2 + 5*h - 1. Let o be s(5). Suppose 3*f - f - 6 = 0. Let r = f - o. Let c(z) = z**2 - 5*z. Calculate c(r).
-4
Let n(z) = -z**2 - 3*z - 2. Let k(a) = a**2 + 9*a - 16. Let j be k(-11). Let v = j - 8. Give n(v).
0
Suppose 0*r - 42 = -3*r. Let s be (-138)/(-15) + 2/(-10). Let i = r - s. Let a(c) = c**2 - 5*c + 1. Calculate a(i).
1
Let x(l) = 12*l - 6. Let z(b) = -36*b + 17. Let y(g) = -17*x(g) - 6*z(g). Calculate y(1).
12
Let a(q) be the third derivative of -7*q**6/120 + q**5/30 - q**3/6 + q**2. Let h(v) = -7*v**3 + v**2. Let x be h(-1). Let o = x + -7. Calculate a(o).
-6
Let d(o) = 6*o**3 + 3*o**2 - 2*o**3 - o**3 - o - 1 - 2*o**3. Suppose 0*k + 14 = x - k, -23 = -2*x + k. Suppose -3*l + a = 13, -l = 2*a + a - x. Give d(l).
2
Let f(v) = 7*v**2 - 19*v + 10. Let t(u) = -11*u**2 + 29*u - 15. Let w(b) = -8*f(b) - 5*t(b). Determine w(4).
7
Let d = 14 + -5. Let z(b) = -1 - 6 + 2*b + d. Give z(-3).
-4
Let n(u) = -u + 7*u - 5 + u - 3*u. Give n(5).
15
Let t = -60 + 62. Let v(m) be the first derivative of 2*m**2 - 5/3*m**3 + 1/4*m**4 + t*m - 2. What is v(4)?
2
Let s(y) = -y**2 + 2*y + 7. Suppose -6 - 4 = -2*i. Let d be i - ((-6)/(-3) + -3). Let w be (2/d)/(2/30). Determine s(w).
-8
Let j(z) = -6*z - 6. Let k(w) = 7*w + 7. Let i(t) = -5*j(t) - 4*k(t). Suppose 4*q + 4 + 4 = 0. Determine i(q).
-2
Let i = -40 - -35. Let s(r) = -7*r**2 - r + 3. Let d(n) = -20*n**2 - 4*n + 8. Let c(q) = -6*d(q) + 17*s(q). Calculate c(i).
-7
Let i(t) = 6*t - 7. Let r(m) = m - 1. Let b(j) = -3*i(j) + 21*r(j). Give b(3).
9
Let o(r) be the third derivative of -13*r**5/60 + r**4/24 + r**3/6 - 10*r**2. What is o(-1)?
-13
Let l(p) = -p**3 + 5*p**2 + 4*p + 2. Let z(q) = -q**2 - 6*q - 3. Let w be z(-3). Give l(w).
-10
Let r(l) = -12*l**2 + 4 - 12*l**2 + l**3 + 35*l**2 - 12*l**2. What is r(0)?
4
Let t(j) = -j - 3. Let d(r) = 1. Let h(q) = 20*d(q) + 5*t(q). Determine h(4).
-15
Let h be (-2 + 0)/((-11)/22). Let j(v) = -2*v**3 + 5*v**2 - 7*v + 4. Let d = -1 - -2. Let i(n) = n**3 + n. Let w(x) = d*j(x) + i(x). Determine w(h).
-4
Let z(f) = f**3 - f**2. Suppose 0*a - 5*p = -a - 24, 12 = -3*a + 3*p. Let v = a - -1. Suppose 4*b - 10 = -3*w, -v + 11 = 5*b + 2*w. Determine z(b).
0
Let h(v) = -4*v**2 - 6*v + 7. Let i(q) = q - 1. Let l(c) = h(c) + 6*i(c). What is l(-1)?
-3
Let s(k) be the second derivative of -k**4/12 - 2*k**3/3 + k**2 - 5*k - 3. What is s(-6)?
-10
Let m(v) = -2*v - 9. Let i be -3*(-1)/(-3)*6. Calculate m(i).
3
Let o(p) = -p**2 - 3*p**2 + p**3 - 4 + 2*p**2. Determine o(3).
5
Let b(v) = 2*v**2 - 2*v - 2. Let q(o) = -4*o + 30. Let p be q(7). Determine b(p).
2
Let d(n) = -2*n - 1. Let l(k) = -k**3 - 7*k**2 + 8*k + 5. Let c be l(-8). Suppose -q - 21 = q + c*x, x = q - 7. What is d(q)?
-5
Let k(v) = -v**3 - 2*v**2 + 3*v - 3. Let j be (-1)/2*(-1 + 1). Suppose j = -3*u - 5*c + 31 - 14, 4*c - 14 = -2*u. Let h be -3 + u*2 + 2. Give k(h).
-3
Let k(l) = -l**3 - 3*l**2 + 3*l. Let o be (1/(3/(-3)))/(-1). Let x = o + -1. Suppose 4 = -b - x. Determine k(b).
4
Suppose -3*b + 4 = b. Let m(c) = -b + 0*c + 5*c - 6*c. What is m(-6)?
5
Let d(p) = 3*p - 1. Suppose q = -0*q - 1. Give d(q).
-4
Let v(k) = 22*k + 2. Let a be v(-1). Let r = -16 - a. Let h(m) = -m + 3. What is h(r)?
-1
Let t(g) = 5*g - 7. Let q(n) = 14*n - 4. Let z(p) = -15*p + 3. Let o(v) = 7*q(v) + 6*z(v). Let m(x) = -5*o(x) + 7*t(x). Give m(-1).
6
Let y(o) = o**3 - o. Let q(f) = -3*f**3 + 6*f**2 + 5*f + 2. Let j(z) = -q(z) - 4*y(z). Let r be 1*((-12)/(-1))/(-2). Calculate j(r).
4
Suppose -6 = -2*u + 4. Let o = u + -10. Let l(p) = -36*p + 18*p + 19*p. Determine l(o).
-5
Let z(c) = c**3 - 7*c**2 - 1 + 3*c**2 - 1 + 3*c - 2*c**2 + c**2. Let j be (2 - (-14)/(-6))*-15. Let i = 9 - j. Give z(i).
-6
Suppose -2*z = 40 - 42. Let i(l) = -11*l**3 - l + 1. What is i(z)?
-11
Let w(f) = -f - 3. Let a be (-10)/(-5 - -3) + -1. Suppose 2*n + 2 = a*z, -4*z + 7 = 2*n - 3*n. What is w(z)?
-6
Let f(r) be the first derivative of r**4/4 + r**3/3 + 4*r + 1. Let u be f(0). Let y(m) = 3 - 9*m**2 - 8 + 8*m**2 + 5*m. Give y(u).
-1
Let x = 8 + -5. Let b(z) = -3 - z + 4*z**3 - 4*z**2 + z**3 - 4*z**x + 3*z. Calculate b(4).
5
Let q(w) = -5*w - 2. Let t(l) = 9*l + 3. Let u(h) = 5*q(h) + 3*t(h). Let v(z) = -2*z - 18*z + 6*z + 4 + 7*z. Let o(m) = -9*u(m) - 2*v(m). Calculate o(1).
-3
Let j(b) be the second derivative of b**4/6 - b**3/6 + b. Let m(o) = o**2 - o - 5. Let h be m(3). Calculate j(h).
1
Let o(s) = -4*s. Let b = -144 + 145. Calculate o(b).
-4
Let f = -4 - -5. Let u be (f + -2 - -1)/(-2). Suppose 5 - 26 = 3*x - 2*l, 4*x - 3*l + 29 = u. Let p(t) = -t**2 - 5*t + 2. Calculate p(x).
2
Let k be 1 + -2 - (-4 + 0). Suppose 3*a = 12 + 15. Suppose k*g + 2*p = a, 0 = -2*p - p. Let w(u) = -u**2 + 3*u - 3. Determine w(g).
-3
Let d be (2 + (-2)/2)*-3. Let t(q) be the second derivative of 0 + q - 1/6*q**4 + 2/3*q**3 - 1/2*q**2 - 1/20*q**5. Give t(d).
-4
Let d = -5 - -4. Let l be ((-3)/((-3)/(-2)))/d. Let s(x) = 3*x**l + 5 + 5*x + 1 - 4*x**2. Give s(6).
0
Let n(q) = -q**2 - 22*q - 17. Let d be n(-21). Let i(s) = 4*s + 4. What is i(d)?
20
Let a(g) = g**3 + 3*g**2 - 4*g - 1. Let t = -1 - -3. Let x(c) = c**3 - 2*c**2 - 3*c + 3. Let s be x(t). Determine a(s).
11
Let v(g) = -2*g. Let r(o) = -o**2 + 4*o. Let j be r(4). Let c = -1 - j. Determine v(c).
2
Let b be (4 - 1)*(2 - (6 + -3)). Let y(r) = 2*r + 3. Determine y(b).
-3
Let x(k) = 5*k**2 - 6. Let t(s) be the third derivative of -7*s**5/30 + 3*s**3 - 5*s**2. Let y(r) = -4*t(r) - 11*x(r). Determine y(0).
-6
Let v(i) = -5*i + 28. Let j be v(6). Let h(z) = 3*z**3 + 3*z**2 + 4*z + 4. Let d(t) = -2*t**3 - 2*t**2 - 3*t - 3. Let b(o) = -4*d(o) - 3*h(o). Calculate b(j).
4
Let b(c) be the second derivative of -c**4/6 - c**2 + 8*c. Calculate b(3).
-20
Let j(c) = c**3 - c**2 + 6 - c**2 - 2*c**2 - 6*c + 0. Calculate j(5).
1
Let u(n) = n. Suppose 0 = 3*r + 2*r + 50. Let z = -13 - r. What is u(z)?
-3
Let p(l) = -5*l**2 - l. Let c = -2 + 7. Suppose -5*z + 5 = 2*j - 4, z + 9 = c*j. Determine p(z).
-6
Let t(f) = 2*f - 1. Let h be (-3 + 18)*(-3)/9. Give t(h).
-11
Let j(h) = -h**3 - 4*h**2 - 5*h - 4. Let s be j(-3). Let i(f) = 2*f - 3*f**2 - 4 + f**s + 2. Let y be 4/(-6) - 72/(-27). Give i(y).
-6
Let n(w) = w**2 + 4*w + 1 + 2 - 3. Suppose -16*b - 56 = -2*b. Determine n(b).
0
Let u be ((-40)/(-6))/(2/6). Let l be ((-1)/(-2))/((-2)/u). Let q(c) = -10*c - 4. Let f(d) = 3*d + 1. Let k(j) = 7*f(j) + 2*q(j). Calculate k(l).
-6
Let f(h) be the second derivative of h**4/12 + 5*h**2/2 - 2*h. What is f(0)?
5
Let k(n) = 3 + n**3 + 4*n + n**2 - 5 + 1. Let u(z) = -z**3 - 3*z. Let p(b) = -b**2 - b + 4. Let t be p(0). Let g(f) = t*k(f) + 5*u(f). Calcula